- 5*a - 5*g - 10 = 0, 5*g = 4*a + 20. Let x be r(a). What is the remainder when 34 is divided by -1*1/(3/x)?
16
Let t = 124 + 30. Calculate the remainder when t is divided by 32.
26
Let s(g) = -g**2 - 9*g + 12. Let b be s(-10). Suppose w + 3*q + 0*q = 2, 10 = b*w + 4*q. What is the remainder when 21 is divided by w?
10
Let q(y) = 3*y - 4. Let r be q(-3). Let o = 22 + r. Let a(g) = g**3 + 7*g**2 + 5*g. Calculate the remainder when a(-5) is divided by o.
7
Let p = 41 + -22. Calculate the remainder when p is divided by (-6)/(-2) + (2 - 0).
4
Let s(q) = 2*q**2 - q + 1. Let f be s(1). Calculate the remainder when 30 is divided by ((-16)/(-8))/(f/8).
6
Calculate the remainder when 53 is divided by (-2)/(-3) + 160/12.
11
Let g = -165 - -292. Let m = g + -72. Calculate the remainder when m is divided by 19.
17
Suppose 4*m + 0*m - 124 = 0. Calculate the remainder when 60 is divided by m.
29
Calculate the remainder when ((-26)/3)/((-9)/27) is divided by 14.
12
Let w be (0 - 2 - -2)/(-3). Suppose w = 2*i - 7 - 13. Calculate the remainder when 28 is divided by i.
8
Let k(j) = 9*j + 7. Let c(s) = -4*s - 3. Let f(g) = 7*c(g) + 3*k(g). Calculate the remainder when 6 is divided by f(-4).
2
Let m = 163 - 36. What is the remainder when m is divided by 65?
62
Suppose -2*u + 4*b + 125 = -u, 3*u - 5*b = 368. Calculate the remainder when u is divided by 31.
28
Let l(h) = 68*h**3 - h**2 - h + 1. Calculate the remainder when l(1) is divided by 17.
16
Let q be 108/(-2)*2/3. Let z = q - -56. Calculate the remainder when 38 is divided by z.
18
Let u(x) be the second derivative of x**5/20 + 7*x**4/12 + 5*x**3/6 + 2*x**2 + 2*x. What is the remainder when u(-6) is divided by 4?
2
What is the remainder when (-20)/(-50)*(-1 - -191) is divided by 13?
11
Suppose -4*s - 13 - 15 = 0. Let i(t) = t**2 + 8*t + 9. What is the remainder when 7 is divided by i(s)?
1
Suppose 34 - 9 = -5*q. Let x = -7 - q. What is the remainder when 10 is divided by -4 + 4 + (x - -8)?
4
Calculate the remainder when 73 is divided by (-15)/((1 + 2)/(-3)).
13
Let y = 37 - 33. Let u = 122 - -28. Suppose 3*w = -s + 4*s - u, -y*s - w + 175 = 0. Calculate the remainder when s is divided by 23.
22
Let f be (5/(-2) - -1)*4. Suppose -6*v + 32 = -4*v. What is the remainder when 4/f + 143/3 is divided by v?
15
Let x = -9 - -13. What is the remainder when 7 is divided by x?
3
Suppose -2*y = -j + 8, -4*j - 2*y + 32 = -0*j. Suppose z - 2 = j. Calculate the remainder when 28 is divided by z.
8
What is the remainder when (-2 - -1)*(-20 + 5) is divided by 5?
0
Let t(v) = -4*v**3 - 3*v**2 - 2*v. Let w be t(-2). Calculate the remainder when (156/w)/(2/8) is divided by (6/8)/((-2)/(-24)).
8
Suppose -2 + 0 = 2*i. Let c = 4 + i. Suppose 24 = -3*o + c*p + 57, -17 = -o + 3*p. What is the remainder when o is divided by 5?
3
Calculate the remainder when (-21)/36*-21*4 is divided by 5.
4
Let k(v) = -25*v - 3. Let l be k(-3). Let w = l - 37. Let r(d) = -d**3 - 3*d**2 + 3*d + 5. Calculate the remainder when w is divided by r(-4).
8
Let y(j) = 39*j**3 + j**2 + j - 3. Let m(f) = 79*f**3 + 3*f**2 + 3*f - 7. Let o(q) = 2*m(q) - 5*y(q). Calculate the remainder when o(-1) is divided by 10.
8
Let n = 254 + -179. What is the remainder when n is divided by 26?
23
Let w(i) = -i**3 + 4*i**2 + i - 3. Suppose -10*q + 6 = -7*q. Suppose q*v = 8 + 2, -4*p - v + 17 = 0. What is the remainder when 35 is divided by w(p)?
8
Suppose 0 = g - 6*g + 2*a, 4*a = 20. Let j = 0 + 2. Suppose j*r + 0 = 2. Calculate the remainder when g is divided by r.
0
Suppose -86 = -2*p + s, -5*s + 175 - 33 = 3*p. Let r(l) = -4*l. Let a be r(5). Let f = p + a. Calculate the remainder when f is divided by 9.
6
Let c(s) = s**3 - 5*s + 4. Let w be c(3). Suppose 6*v = 4*v + w. Let z(k) = -k**3 - 6*k**2 + 6*k + 8. What is the remainder when z(-7) is divided by v?
7
Let q be -1 - -5 - 7/7. Suppose -81 = -q*j + 27. What is the remainder when j is divided by 10?
6
Suppose -10*r - 70 = -200. What is the remainder when r is divided by 6?
1
Let g(i) = i + 18. Let w = -42 - -29. What is the remainder when 6 is divided by g(w)?
1
Let n(z) = z**2 - 11*z - 34. Calculate the remainder when 102 is divided by n(15).
24
Let s = 1 + 6. What is the remainder when s is divided by (-1)/((4/6)/(-2))?
1
Suppose 2*u = -d - 17, u = -2*u - 3*d - 33. Calculate the remainder when u/(-27) + (-86)/(-18) is divided by 2.
1
Let r be 1*-2 - (3 + -18). Let h = 1 + r. Suppose 3*b + 5*y = 159, -81 = -2*b + 2*y + 25. What is the remainder when b is divided by h?
11
Suppose 0*q - 85 = -5*h - q, 3*q - 21 = -2*h. Let d(b) = 10*b**2 - b - 1. Suppose 0 = -0*m - 5*m - 5. What is the remainder when h is divided by d(m)?
8
Suppose -2*z + 102 = 2*t, -5*z + 121 = -2*z - 5*t. Calculate the remainder when z is divided by 0*(-2)/(-4) - -12.
11
Let j(l) = 17*l - 2. Let k = 69 + -30. Let r = 56 - k. What is the remainder when j(3) is divided by r?
15
Let g(z) = -2*z + 11. What is the remainder when (-4)/4*-1 + 72 is divided by g(-4)?
16
Let j(l) = -l + 5 - 4 + 2*l. Let r = 4 + -4. Calculate the remainder when 2 is divided by j(r).
0
Suppose -2*i = -0*i + 16. Let k(m) = m**3 + 7*m**2 - 10*m + 9. Calculate the remainder when k(i) is divided by 9.
7
Let p = 71 - 49. Calculate the remainder when 62 is divided by p.
18
Let o(c) = c**3 + 13*c**2 - 12. Let w be o(-11). Suppose 0 = 5*d - 5*f - w, 0 = d + d + 4*f - 68. What is the remainder when d is divided by 9?
6
Suppose -n = -3*x + n + 52, 5*x - 2*n = 88. Calculate the remainder when x is divided by 11.
7
Let q be (2/4)/((-2)/16). Calculate the remainder when 65 is divided by (-6 - q)*(-17)/2.
14
Suppose 3*z - j - 15 = 0, -2*j + 10 = 2*z - 8. Calculate the remainder when z is divided by 4.
2
Let i(g) = 5*g - 9. Let j be i(6). What is the remainder when 183/(-2)*(-14)/j is divided by 16?
13
Suppose 8*d - 266 = -6*d. What is the remainder when 37 is divided by d?
18
Let r(w) be the second derivative of w**5/20 + 3*w**4/4 + 3*w**2 + 4*w. What is the remainder when 20 is divided by r(-9)?
2
Suppose -7*k + 0*k = -70. Calculate the remainder when 34 is divided by k.
4
Suppose -5*r = -2*d - 0 + 1, 9 = 3*d - 5*r. Let c(y) = -y - 3. Let v be c(d). Let w = v + 52. Calculate the remainder when w is divided by 14.
13
Let v(k) = k**2 + 7*k - 18. Let h(f) = 2*f**2 - 2*f - 2. What is the remainder when v(5) is divided by h(-3)?
20
Let m(p) = p**2 + 7*p + 6. Suppose -2*r = -4*y - 70, 3*r - 74 = r + 5*y. What is the remainder when r is divided by m(-8)?
13
Suppose -t + 4*t - 36 = 0. Suppose 0 = 2*h + r, -h - 2*r + 2 = 2*h. What is the remainder when 34 is divided by h/(-6) - (-140)/t?
10
Suppose 0 = 4*u - 2*z - 145 - 57, z = -u + 58. Let j = -35 - -62. Calculate the remainder when u is divided by j.
26
Suppose 1 = -n + 2. Let w(f) = 2*f**3 + f**2 - f + 1. Let p(t) = t**3 + 5*t**2 - 8*t - 1. Calculate the remainder when p(-6) is divided by w(n).
2
Let t(a) = -5*a**2 + 6*a + 2. Let s(q) = 6*q**2 - 7*q - 2. Let l(r) = -4*s(r) - 5*t(r). What is the remainder when l(-4) is divided by ((-4)/(-3))/(1/6)?
6
Suppose 2 = i - 3*i + 5*l, 5*l - 20 = 0. Suppose 2*n - 77 = -3*j - 3*n, -5*j + 119 = -n. Calculate the remainder when j is divided by i.
6
What is the remainder when 46 - 3 - (0 - -2) is divided by (-45)/(1 - 4) + -1?
13
Let m(f) = 20*f**2 - 41*f - 5. Let t(p) = 7*p**2 - 14*p - 2. Let w(n) = 6*m(n) - 17*t(n). What is the remainder when 38 is divided by w(9)?
12
Let n(b) = -4*b**3 + 2*b**2 + 2*b + 1. Suppose -2*j + 2*d = 2*j - 10, -35 = -2*j - 5*d. Calculate the remainder when 43/5 - (-2)/j is divided by n(-1).
4
Let h(k) = k**3 - 7*k**2 + 9*k - 4. What is the remainder when h(6) is divided by 9?
5
Let i(p) = p**2 - 7*p - 6*p**2 + 4*p**2 - 5 - 4*p. Let t(c) = -3*c + 3. Let y be t(4). Calculate the remainder when i(y) is divided by 8.
5
Let u(n) = 2*n**3 - n**2 + n - 2. Let c be u(2). Let i = c + -5. What is the remainder when 25 is divided by i?
4
Calculate the remainder when 78 is divided by 14*(488/224 + (-3)/4).
18
Calculate the remainder when 41 is divided by (21/(-5))/(48/(-160)).
13
Suppose -8*c - 7*c + 960 = 0. Calculate the remainder when c is divided by 35.
29
Let f = 1 - -16. Suppose -2*t + 5*k = -27 + 4, -t + k + 10 = 0. What is the remainder when f is divided by t?
8
Let n(d) = -d + 1. Let